{"id":691,"date":"2025-03-29T13:21:45","date_gmt":"2025-03-29T13:21:45","guid":{"rendered":"https:\/\/zvssemily.cz\/?page_id=691"},"modified":"2025-10-03T07:14:02","modified_gmt":"2025-10-03T07:14:02","slug":"informace-pro-rodice","status":"publish","type":"page","link":"https:\/\/zvssemily.cz\/?page_id=691","title":{"rendered":"Informace pro rodi\u010de"},"content":{"rendered":"\n<p>4.4.2025 se kon\u00e1 v\u00fdlet do Prahy na leti\u0161t\u011b a do Dinosv\u011bta.<\/p>\n\n\n\n<p>S sebou sva\u010dinu, pit\u00ed a mal\u00e9 kapesn\u00e9. Doba odjezdu a p\u0159\u00edjezdu bude up\u0159esn\u011bna v \u017e\u00e1kovsk\u00fdch kn\u00ed\u017ek\u00e1ch<\/p>\n\n\n\n<figure class=\"wp-block-image size-large is-style-default\"><a href=\"https:\/\/zvssemily.cz\/wp-content\/uploads\/2025\/10\/povinna-publicita-Sablony-JAK-II-2-scaled.jpg\"><img decoding=\"async\" loading=\"lazy\" width=\"733\" height=\"1024\" src=\"https:\/\/zvssemily.cz\/wp-content\/uploads\/2025\/10\/povinna-publicita-Sablony-JAK-II-2-733x1024.jpg\" alt=\"\" class=\"wp-image-704\" srcset=\"https:\/\/zvssemily.cz\/wp-content\/uploads\/2025\/10\/povinna-publicita-Sablony-JAK-II-2-733x1024.jpg 733w, https:\/\/zvssemily.cz\/wp-content\/uploads\/2025\/10\/povinna-publicita-Sablony-JAK-II-2-215x300.jpg 215w, https:\/\/zvssemily.cz\/wp-content\/uploads\/2025\/10\/povinna-publicita-Sablony-JAK-II-2-768x1073.jpg 768w, https:\/\/zvssemily.cz\/wp-content\/uploads\/2025\/10\/povinna-publicita-Sablony-JAK-II-2-1099x1536.jpg 1099w, https:\/\/zvssemily.cz\/wp-content\/uploads\/2025\/10\/povinna-publicita-Sablony-JAK-II-2-1465x2048.jpg 1465w, https:\/\/zvssemily.cz\/wp-content\/uploads\/2025\/10\/povinna-publicita-Sablony-JAK-II-2-scaled.jpg 1832w\" sizes=\"(max-width: 733px) 100vw, 733px\" \/><\/a><\/figure>\n","protected":false},"excerpt":{"rendered":"<p>4.4.2025 se kon\u00e1 v\u00fdlet do Prahy na leti\u0161t\u011b a do Dinosv\u011bta. S sebou sva\u010dinu, pit\u00ed a mal\u00e9 kapesn\u00e9. Doba odjezdu a p\u0159\u00edjezdu bude up\u0159esn\u011bna v \u017e\u00e1kovsk\u00fdch kn\u00ed\u017ek\u00e1ch<\/p>\n","protected":false},"author":2,"featured_media":0,"parent":0,"menu_order":0,"comment_status":"closed","ping_status":"closed","template":"","meta":[],"_links":{"self":[{"href":"https:\/\/zvssemily.cz\/index.php?rest_route=\/wp\/v2\/pages\/691"}],"collection":[{"href":"https:\/\/zvssemily.cz\/index.php?rest_route=\/wp\/v2\/pages"}],"about":[{"href":"https:\/\/zvssemily.cz\/index.php?rest_route=\/wp\/v2\/types\/page"}],"author":[{"embeddable":true,"href":"https:\/\/zvssemily.cz\/index.php?rest_route=\/wp\/v2\/users\/2"}],"replies":[{"embeddable":true,"href":"https:\/\/zvssemily.cz\/index.php?rest_route=%2Fwp%2Fv2%2Fcomments&post=691"}],"version-history":[{"count":3,"href":"https:\/\/zvssemily.cz\/index.php?rest_route=\/wp\/v2\/pages\/691\/revisions"}],"predecessor-version":[{"id":705,"href":"https:\/\/zvssemily.cz\/index.php?rest_route=\/wp\/v2\/pages\/691\/revisions\/705"}],"wp:attachment":[{"href":"https:\/\/zvssemily.cz\/index.php?rest_route=%2Fwp%2Fv2%2Fmedia&parent=691"}],"curies":[{"name":"wp","href":"https:\/\/api.w.org\/{rel}","templated":true}]}}